)*5/(-1). Let l(j) = j**2 + 15*j + 6. Let d be l(-15). Let o(s) = -3019*s**2 + d + 3*s - 3016*s**2 + 6034*s**2. Determine o(k).
-4
Let h(n) = n**3 - 7*n**2 + 6*n - 4. Let m(a) = 2*a + 34. Suppose 0 = 3*r - 4*r + 7. Suppose -9*j + r*j = 28. Let d be m(j). Give h(d).
-4
Let k(i) be the second derivative of -i**6/360 + 7*i**5/60 - 5*i**4/8 - i**3/6 - 4*i**2 + 39*i - 3. Let h(l) be the second derivative of k(l). Determine h(13).
-2
Suppose 3*g - 18*g + 135 = 0. Suppose -b = 18 - g. Let v(x) be the first derivative of x**4/4 + 3*x**3 + x**2/2 + 3*x - 19. Calculate v(b).
-6
Suppose -3*p - 147 + 166 = -4*c, 2*p = -4*c - 34. Let f(a) be the second derivative of -5*a**3/6 + 3*a**2/2 - a. Determine f(c).
38
Suppose 76 + 167 + 17 = 10*a. Suppose 0 = -5*c + c - 208. Let l be 4*(83/c + (-4)/a). Let d(q) = q**3 + 6*q**2 - 5*q + 9. Calculate d(l).
-5
Let g(h) = h**2 + 4*h - 31. Let m = 10335 + -10343. Give g(m).
1
Let x(c) = 271*c**3 + 4*c - 3. Let p be x(1). Let h be 9*-1*(p/24 - 12). Let k(g) = -g**3 + 5*g**2 + 10*g - 7. Calculate k(h).
17
Let f(z) = 22*z - 62*z + 21*z + 20*z + 30*z**2. Suppose -7 = -l - 2*y, 4*l + 5*y = 9 + 13. Suppose 11*c = 8*c + l. Calculate f(c).
31
Let s(m) = -2*m**2 - 9*m - 2. Suppose -2 = -3*z + 3*a - 62, -5*z + a = 96. Let q be 1/1 - (z + 26). Give s(q).
-20
Let a(v) = 6 - 348*v + 701*v - 369*v. Calculate a(2).
-26
Let a(n) = 9*n**2 - 45*n + 195. Let c(m) = -5*m**2 + 23*m - 98. Let j(w) = 4*a(w) + 7*c(w). Calculate j(10).
4
Let u(r) = 3*r**2 - 9*r - 41. Let z(l) = -2*l**2 + 8*l + 32. Let h(j) = 3*u(j) + 4*z(j). What is h(-2)?
-1
Let o(t) = 1479*t + 3 - 6*t**2 - 1479*t. Let x(c) = -6*c**2 + c + 5. Let q(n) = 3*o(n) - 2*x(n). Determine q(-1).
-5
Let b(x) = 2*x - 33. Suppose 5*u + 41*u - 874 = -0*u. Give b(u).
5
Let l(b) be the third derivative of 0 + 0*b - 23/6*b**3 + 1/40*b**5 + 5/24*b**4 + 26*b**2. Let a(s) be the first derivative of l(s). What is a(-5)?
-10
Suppose -7*z + 28 = -0*z. Let x(h) = -h**2 + 5*h - 1. Let u be x(z). Suppose 8 = u*t + 20. Let m(y) = 2*y**2 + 3*y - 4. What is m(t)?
16
Let s(j) be the third derivative of -j**5/60 + j**4/24 + j**2. Let r be (70/(-3))/(-7) + 2/(-6). Suppose r*o - 3*i + 7*i = -4, 4*o = -4*i - 4. Calculate s(o).
0
Let c(s) = s**3 + s**2 - 1. Let x(v) = -3*v**3 + 5*v - 1. Let a(g) = -2*c(g) - x(g). Let j = -87585 + 87588. What is a(j)?
-3
Let q(p) = 17*p**3 - 5*p**2 + 9*p + 42. Let b(j) = -47*j**3 + 11*j**2 - 26*j - 125. Let s(l) = 4*b(l) + 11*q(l). What is s(-11)?
17
Suppose -4*k = -2*l + 6, 2*k - 2 = -4. Let n(o) be the first derivative of 5*o**3 + o**2/2 - o + 654. Calculate n(l).
15
Let v = -2575 + 2572. Let x(y) = -y**3 - 5*y**2 - 8*y. Give x(v).
6
Let u(r) = -r**2 + 8*r - 6. Let b = -36 - -57. Suppose 16*m = b*m + 5. Let a be (-3 + -1)/m - (-4)/2. Give u(a).
6
Let l be -3 + 2 + -25 + 19. Suppose -8*y = -2*y - 18. Let g(o) = -4 - y*o + 4*o + 4. Determine g(l).
-7
Let h(z) = -57*z**2 - 2*z + 1. Let y(x) = -140*x**2 - 4*x + 2. Let w(b) = -5*h(b) + 2*y(b). Suppose 2*c = -0*c - 4*q - 14, 21 = 5*c - 4*q. What is w(c)?
6
Let c(z) be the third derivative of -1/120*z**5 - 18*z**2 - 11/24*z**4 + 0*z + 0 - 1/6*z**3. Let w(o) be the first derivative of c(o). Give w(-8).
-3
Suppose -2*w - 2*w + 32 = 0. Let b(q) be the first derivative of -q**4/4 + 3*q**3 - 9*q**2/2 + 7*q - 1356. Calculate b(w).
-1
Let g = 118 - 115. Suppose -30*l = -0*l - g*l. Let n(f) = 4*f**2. Let k(d) = -3*d**2. Let h(r) = 5*k(r) + 4*n(r). What is h(l)?
0
Let r(v) = v**3 - 13*v**2 + 10*v + 5. Let z = 963 + -951. Give r(z).
-19
Suppose -3*s = 2*s - 15. Let z(b) = -2854*b + 5*b**2 - b**3 - 4*b**2 + 2858*b. Determine z(s).
-6
Let b(a) = -9*a + 113. Suppose 89*m - 1246 = -89. Give b(m).
-4
Suppose -3*x - 5*t + 16 = 1, 3*x + 2*t - 6 = 0. Let d be 2/(-4)*(0 + -40). Let h(v) = v**3 + 6 - d - v**2 + 8 + 3. Give h(x).
-3
Let h(g) = -g**2 - 11*g - 18. Let o be h(-8). Suppose -5*l - j + 6 + 2 = 0, 4*j = -l - o. Let x(w) = 4*w**2 + 3*w - 2. Give x(l).
20
Let y = 210 - 282. Let m = 65 + y. Let l(t) = -2*t**2 + t - 5 + 5*t + 3*t**2. Determine l(m).
2
Suppose -5*i = -m - 19, 2*m + i - 3 = 3*m. Let l(u) = 1 + 0 - u - 2 + 5 - m. Suppose -21 = 5*a - 6. What is l(a)?
6
Let r = -292 + 293. Let z be (-8 - (-24 + 12)) + r*2. Let x(q) = q**3 - 5*q**2 - 3*q - 2. What is x(z)?
16
Let g(x) = -3*x**3 + 4*x**2 + 3*x - 2. Let d be g(1). Let c(r) = 94*r**2 - 189*r**2 - 2*r + 94*r**2 + 3*r**3. What is c(d)?
16
Let k(c) = -c**2 + 9*c + 5. Suppose -20*v = -25*v - 95. Let h(y) = -y**2 - y + 32. Let o be h(6). Let m = o - v. Give k(m).
5
Let p(l) = 9*l + 46. Let n be -22 - (-935)/44 - 34/8. Calculate p(n).
1
Let i(v) = 110 + v - 59 + v**2 - 58 - 5*v**2. Determine i(4).
-67
Let c(q) = 4*q + 5. Let i(n) = -5*n**2 + 75*n + 12. Let z be i(15). What is c(z)?
53
Let x(m) = -12*m**2 - 20*m + 33. Let c(d) = -5*d**2 - 7*d + 16. Let v(o) = -5*c(o) + 2*x(o). Calculate v(6).
-8
Let p(x) = x**2 + 146*x + 2931. Let s be p(-122). Let q(b) be the second derivative of 9*b - 1/6*b**s + 3/2*b**2 + 0. What is q(4)?
-1
Suppose 3 = -4*p + 2*n - 139, n = 3. Let o = -32 - p. Let g(s) = 2*s - 4*s**o + 0*s**3 - 5*s**2 - 6 + 4*s**2 + s**3. Determine g(4).
-14
Let b(m) = 62*m**2 - 109*m**2 + m**3 - 3 - 5 + 57*m**2. Suppose -10*x - 139 = -39. Calculate b(x).
-8
Suppose 3*z = 5*l - 14, -6 = -2*l - 3*z + 8. Let m be -9 - (l/(-1))/1. Let i(v) = v**3 + 6*v**2 + 3*v - 3. Give i(m).
7
Let o(u) = -u**3 + 21*u**2 - u - 1. Let z(t) = 3*t**3 - 89*t**2 + 5*t + 17. Let m(w) = 4*o(w) + z(w). Determine m(-4).
-7
Let m(s) = -9*s - 80. Let t(r) = -3*r**2 + 131*r - 219. Let d be t(42). Determine m(d).
1
Suppose 4*g - 505 = 2*g + 5*c, -3*g - 4*c + 700 = 0. Let m = 348 - g. Let l(h) = -m + h + 224 - 115. What is l(5)?
6
Let v be ((-26)/52)/((-20)/16)*45. Let g(m) = 2*m**3 - 35*m**2 - 18*m - 4. Give g(v).
-4
Let t(z) be the third derivative of z**6/120 - 19*z**5/60 - 41*z**4/24 - 8*z**3/3 - 2*z**2 - 67*z - 3. What is t(21)?
5
Suppose 10*r = 7*r + 9. Let o(x) = 24*x**3 - r - 1 - x + 3. Suppose k - 9 = 3*s - 1, -2*s = -k + 7. Calculate o(s).
-24
Let k(t) = -3*t**3 + 2*t - 4. Let r be k(-3). Let y = r + -45. Let f(a) = 46 - a - 26 - y + a**2. Give f(5).
14
Let c(p) = -p**2 + 17*p - 19. Let o(i) = -23*i - 166. Let z be o(14). Let h = -473 - z. Determine c(h).
11
Let g(p) = 6940*p + 24 + 6935*p - 13915*p. Calculate g(-2).
104
Let o(f) = -f**3 + 11*f**2 + f - 16. Let c(l) = -l**3 - 50*l**2 - 190*l - 265. Let t be c(-46). Determine o(t).
-5
Let b(t) = 4*t**2 - 236 + 9*t + 232 - 5*t**2 + 5*t**2 - 45*t. Give b(9).
-4
Let p(b) = 2*b - 6. Let f be p(5). Suppose f*w - 10 = 10. Let y(s) = -39*s - 14. Let x(n) = -21*n - 8. Let k(d) = -11*x(d) + 6*y(d). Determine k(w).
-11
Let u(s) = 4*s**2 - 12*s + 6. Let p(a) = -23*a**2 + 62*a - 29. Let z(w) = 2*p(w) + 11*u(w). What is z(-6)?
-16
Let g(m) = -14*m - 9. Let i be -5*(-3)/45*-1*-24. Determine g(i).
-121
Let b(u) be the first derivative of -u**3/3 - 25*u**2/2 - 88*u + 1009. Determine b(-21).
-4
Let w = -114 - -126. Let c(u) = 24*u - 13*u - 2 - w*u. Determine c(-5).
3
Let l(r) be the first derivative of -r**4/4 - 5*r**3/3 + 3*r**2/2 + 23*r - 5286. Give l(-6).
41
Let y(t) = 23*t - 30. Let j(u) = -66*u + 82. Let q(m) = 5*j(m) + 14*y(m). Calculate q(3).
-34
Let k = 959 + -958. Let m(a) be the second derivative of -1/2*a**2 + 0*a**3 + 5/12*a**4 + 0 + 12*a. Calculate m(k).
4
Let x(j) = 17*j + 84. Let y(s) = -26*s - 1071. Let u be y(-41). Determine x(u).
-1
Let b(d) = -54*d - 46. Let c(k) = 34*k + 30. Let w(v) = -5*b(v) - 8*c(v). Calculate w(-14).
18
Let a be (69/(20 + 3))/((-3)/(-7)). Let v(x) be the third derivative of -x**6/120 + 2*x**5/15 - x**4/6 - x**2. Determine v(a).
21
Let i be 18/72*-32*(-2 - (-68)/32). Let w(m) = 3*m**3 - 1. Let j(v) = v**3 + v**2 + v - 1. Let x(q) = -j(q) + w(q). Give x(i).
-2
Let w(d) = -3*d + 1. Suppose 0 = -28*z + 37 + 47. Suppose -z*a = -a - r + 1, 0 = -5*a - 2*r - 25. Determine w(a).
10
Let j(o) = 4*o**2 + 10*o + 7. Let h(c) = 9*c**2 + 21*c + 14. Let f(i) = -3*h(i) + 7*j(i). Let q = 14 + -91. Let m = 70 + q. Calculate f(m).
7
Let z(s) be the second derivative of 29*s**3/6 - 45*s**2 - 1153*s. What is z(3)?
-3
Let i(h) be the second derivative of -h**4/12 + 7*h**3/6 + 19*h**2/2 + 635*h. What is i(6)?
25
Let a = -68770 + 68769. Let z(j) be the second der